{"id":181,"date":"2021-08-05T17:06:35","date_gmt":"2021-08-05T15:06:35","guid":{"rendered":"http:\/\/fzb.mt-it-consulting.de\/?page_id=181"},"modified":"2024-01-08T12:05:17","modified_gmt":"2024-01-08T11:05:17","slug":"innenausbau","status":"publish","type":"page","link":"https:\/\/fzb.mt-it-consulting.de\/index.php\/innenausbau\/","title":{"rendered":"Innenausbau"},"content":{"rendered":"\n<p class=\"has-text-align-left has-white-color has-text-color has-background\" style=\"background-color:#00387b\">Ben\u00f6tigen Sie f\u00fcr Ihr Fahrzeug einen&nbsp;<strong>speziellen Innenausbau&nbsp;<\/strong>um:<br>&#8211; Ihr Fahrzeug vor Transportsch\u00e4den zu sch\u00fctzen?<br>&#8211; die Ladung ordnungsgem\u00e4\u00df zu sichern?<br>&#8211; Personen zu bef\u00f6rdern?<br>&#8211; den Komfort zu erh\u00f6hen?<br>&#8211; Ihre t\u00e4gliche Arbeit zu erledigen?<br><br>Wir bieten Ihnen eine&nbsp;<strong>fachgerechte L\u00f6sung<\/strong>.<br><a href=\"#Fahrzeugeinrichtungen\"><mark style=\"background-color:rgba(0, 0, 0, 0)\" class=\"has-inline-color has-white-color\">&#8211;&gt; Fahrzeugeinrichtungen<\/mark><\/a><br><a href=\"#Ladungssicherung1\"><mark style=\"background-color:rgba(0, 0, 0, 0)\" class=\"has-inline-color has-white-color\">&#8211;&gt; Ladungssicherung<\/mark><\/a><br><a href=\"#Personenbef\u00f6rderung\"><mark style=\"background-color:rgba(0, 0, 0, 0)\" class=\"has-inline-color has-white-color\">&#8211;&gt; Personenbef\u00f6rderung \/ Behindertenumbau<\/mark><\/a><br>&#8211;&gt; Branchenausbau<br>&#8211;&gt; Zubeh\u00f6r \/ Nachr\u00fcstungen<br><br><a href=\"http:\/\/fzb.mt-it-consulting.de\/index.php\/kontakt\/\"><mark style=\"background-color:#00387b\" class=\"has-inline-color has-white-color\">-&gt;&gt; Sprechen Sie uns an &lt;&lt;-<\/mark><\/a> <br>Wir k\u00f6nnen Ihnen ein individuelles, auf Sie zugeschnittenes Angebot erstellen.<\/p>\n\n\n\n<div class=\"wp-block-columns is-layout-flex wp-container-core-columns-is-layout-9d6595d7 wp-block-columns-is-layout-flex\">\n<div class=\"wp-block-column is-layout-flow wp-block-column-is-layout-flow\">\n<figure class=\"wp-block-image size-full\"><img loading=\"lazy\" decoding=\"async\" width=\"1024\" height=\"768\" src=\"http:\/\/fzb.mt-it-consulting.de\/wp-content\/uploads\/2023\/11\/Trittstufe-Homepage-1.jpg\" alt=\"\" class=\"wp-image-1806\" srcset=\"https:\/\/fzb.mt-it-consulting.de\/wp-content\/uploads\/2023\/11\/Trittstufe-Homepage-1.jpg?v=1700827030 1024w, https:\/\/fzb.mt-it-consulting.de\/wp-content\/uploads\/2023\/11\/Trittstufe-Homepage-1-300x225.jpg?v=1700827030 300w, https:\/\/fzb.mt-it-consulting.de\/wp-content\/uploads\/2023\/11\/Trittstufe-Homepage-1-768x576.jpg?v=1700827030 768w\" sizes=\"auto, (max-width: 1024px) 100vw, 1024px\" \/><figcaption class=\"wp-element-caption\">Trittstufe<\/figcaption><\/figure>\n<\/div>\n\n\n\n<div class=\"wp-block-column is-layout-flow wp-block-column-is-layout-flow\">\n<figure class=\"wp-block-image size-large\" id=\"Fahrzeugeinrichtungen\"><img loading=\"lazy\" decoding=\"async\" width=\"1024\" height=\"768\" src=\"http:\/\/fzb.mt-it-consulting.de\/wp-content\/uploads\/2022\/10\/Wenzel-Einbau-3-1024x768.jpg\" alt=\"\" class=\"wp-image-982\" srcset=\"https:\/\/fzb.mt-it-consulting.de\/wp-content\/uploads\/2022\/10\/Wenzel-Einbau-3-1024x768.jpg?v=1664972803 1024w, https:\/\/fzb.mt-it-consulting.de\/wp-content\/uploads\/2022\/10\/Wenzel-Einbau-3-300x225.jpg?v=1664972803 300w, https:\/\/fzb.mt-it-consulting.de\/wp-content\/uploads\/2022\/10\/Wenzel-Einbau-3-768x576.jpg?v=1664972803 768w, https:\/\/fzb.mt-it-consulting.de\/wp-content\/uploads\/2022\/10\/Wenzel-Einbau-3-1536x1152.jpg?v=1664972803 1536w, https:\/\/fzb.mt-it-consulting.de\/wp-content\/uploads\/2022\/10\/Wenzel-Einbau-3.jpg?v=1664972803 1600w\" sizes=\"auto, (max-width: 1024px) 100vw, 1024px\" \/><figcaption class=\"wp-element-caption\">Modulblock mit Schublade<\/figcaption><\/figure>\n<\/div>\n\n\n\n<div class=\"wp-block-column is-layout-flow wp-block-column-is-layout-flow\">\n<figure class=\"wp-block-image size-full\"><img loading=\"lazy\" decoding=\"async\" width=\"1024\" height=\"768\" src=\"http:\/\/fzb.mt-it-consulting.de\/wp-content\/uploads\/2022\/10\/Modulblock-mit-Schublade-2.jpeg\" alt=\"\" class=\"wp-image-979\" srcset=\"https:\/\/fzb.mt-it-consulting.de\/wp-content\/uploads\/2022\/10\/Modulblock-mit-Schublade-2.jpeg?v=1664972799 1024w, https:\/\/fzb.mt-it-consulting.de\/wp-content\/uploads\/2022\/10\/Modulblock-mit-Schublade-2-300x225.jpeg?v=1664972799 300w, https:\/\/fzb.mt-it-consulting.de\/wp-content\/uploads\/2022\/10\/Modulblock-mit-Schublade-2-768x576.jpeg?v=1664972799 768w\" sizes=\"auto, (max-width: 1024px) 100vw, 1024px\" \/><figcaption class=\"wp-element-caption\">Modulblock mit Schublade<\/figcaption><\/figure>\n<\/div>\n<\/div>\n\n\n\n<div class=\"wp-block-columns is-layout-flex wp-container-core-columns-is-layout-9d6595d7 wp-block-columns-is-layout-flex\">\n<div class=\"wp-block-column is-layout-flow wp-block-column-is-layout-flow\">\n<figure class=\"wp-block-image size-large\"><img loading=\"lazy\" decoding=\"async\" width=\"1024\" height=\"768\" src=\"http:\/\/fzb.mt-it-consulting.de\/wp-content\/uploads\/2022\/10\/Wenzel-Einbau-1-1024x768.jpg\" alt=\"\" class=\"wp-image-980\" srcset=\"https:\/\/fzb.mt-it-consulting.de\/wp-content\/uploads\/2022\/10\/Wenzel-Einbau-1-1024x768.jpg?v=1664972800 1024w, https:\/\/fzb.mt-it-consulting.de\/wp-content\/uploads\/2022\/10\/Wenzel-Einbau-1-300x225.jpg?v=1664972800 300w, https:\/\/fzb.mt-it-consulting.de\/wp-content\/uploads\/2022\/10\/Wenzel-Einbau-1-768x576.jpg?v=1664972800 768w, https:\/\/fzb.mt-it-consulting.de\/wp-content\/uploads\/2022\/10\/Wenzel-Einbau-1-1536x1152.jpg?v=1664972800 1536w, https:\/\/fzb.mt-it-consulting.de\/wp-content\/uploads\/2022\/10\/Wenzel-Einbau-1.jpg?v=1664972800 1600w\" sizes=\"auto, (max-width: 1024px) 100vw, 1024px\" \/><figcaption class=\"wp-element-caption\">Wenzel Einbau<\/figcaption><\/figure>\n<\/div>\n\n\n\n<div class=\"wp-block-column is-layout-flow wp-block-column-is-layout-flow\">\n<figure class=\"wp-block-image size-large\"><img loading=\"lazy\" decoding=\"async\" width=\"1024\" height=\"768\" src=\"http:\/\/fzb.mt-it-consulting.de\/wp-content\/uploads\/2022\/10\/Wenzel-Einbau-2-1024x768.jpg\" alt=\"\" class=\"wp-image-981\" srcset=\"https:\/\/fzb.mt-it-consulting.de\/wp-content\/uploads\/2022\/10\/Wenzel-Einbau-2-1024x768.jpg?v=1664972802 1024w, https:\/\/fzb.mt-it-consulting.de\/wp-content\/uploads\/2022\/10\/Wenzel-Einbau-2-300x225.jpg?v=1664972802 300w, https:\/\/fzb.mt-it-consulting.de\/wp-content\/uploads\/2022\/10\/Wenzel-Einbau-2-768x576.jpg?v=1664972802 768w, https:\/\/fzb.mt-it-consulting.de\/wp-content\/uploads\/2022\/10\/Wenzel-Einbau-2-1536x1152.jpg?v=1664972802 1536w, https:\/\/fzb.mt-it-consulting.de\/wp-content\/uploads\/2022\/10\/Wenzel-Einbau-2.jpg?v=1664972802 1600w\" sizes=\"auto, (max-width: 1024px) 100vw, 1024px\" \/><figcaption class=\"wp-element-caption\">Wenzel Einbau<\/figcaption><\/figure>\n<\/div>\n\n\n\n<div class=\"wp-block-column is-layout-flow wp-block-column-is-layout-flow\">\n<figure class=\"wp-block-image size-large\"><img loading=\"lazy\" decoding=\"async\" width=\"1024\" height=\"768\" src=\"http:\/\/fzb.mt-it-consulting.de\/wp-content\/uploads\/2022\/10\/Wenzel-Einbau-3-1024x768.jpg\" alt=\"\" class=\"wp-image-982\" srcset=\"https:\/\/fzb.mt-it-consulting.de\/wp-content\/uploads\/2022\/10\/Wenzel-Einbau-3-1024x768.jpg?v=1664972803 1024w, https:\/\/fzb.mt-it-consulting.de\/wp-content\/uploads\/2022\/10\/Wenzel-Einbau-3-300x225.jpg?v=1664972803 300w, https:\/\/fzb.mt-it-consulting.de\/wp-content\/uploads\/2022\/10\/Wenzel-Einbau-3-768x576.jpg?v=1664972803 768w, https:\/\/fzb.mt-it-consulting.de\/wp-content\/uploads\/2022\/10\/Wenzel-Einbau-3-1536x1152.jpg?v=1664972803 1536w, https:\/\/fzb.mt-it-consulting.de\/wp-content\/uploads\/2022\/10\/Wenzel-Einbau-3.jpg?v=1664972803 1600w\" sizes=\"auto, (max-width: 1024px) 100vw, 1024px\" \/><figcaption class=\"wp-element-caption\">Wenzel Einbau<\/figcaption><\/figure>\n<\/div>\n<\/div>\n\n\n\n<div class=\"wp-block-columns is-layout-flex wp-container-core-columns-is-layout-9d6595d7 wp-block-columns-is-layout-flex\">\n<div class=\"wp-block-column is-layout-flow wp-block-column-is-layout-flow\">\n<figure class=\"wp-block-image size-large\" id=\"Ladungssicherung1\"><img loading=\"lazy\" decoding=\"async\" width=\"1024\" height=\"461\" src=\"http:\/\/fzb.mt-it-consulting.de\/wp-content\/uploads\/2022\/10\/Seilwinde-1024x461.jpg\" alt=\"\" class=\"wp-image-1003\" srcset=\"https:\/\/fzb.mt-it-consulting.de\/wp-content\/uploads\/2022\/10\/Seilwinde-1024x461.jpg?v=1664974493 1024w, https:\/\/fzb.mt-it-consulting.de\/wp-content\/uploads\/2022\/10\/Seilwinde-300x135.jpg?v=1664974493 300w, https:\/\/fzb.mt-it-consulting.de\/wp-content\/uploads\/2022\/10\/Seilwinde-768x346.jpg?v=1664974493 768w, https:\/\/fzb.mt-it-consulting.de\/wp-content\/uploads\/2022\/10\/Seilwinde-1536x691.jpg?v=1664974493 1536w, https:\/\/fzb.mt-it-consulting.de\/wp-content\/uploads\/2022\/10\/Seilwinde.jpg?v=1664974493 1707w\" sizes=\"auto, (max-width: 1024px) 100vw, 1024px\" \/><figcaption class=\"wp-element-caption\">Seilwinde<\/figcaption><\/figure>\n<\/div>\n\n\n\n<div class=\"wp-block-column is-layout-flow wp-block-column-is-layout-flow\">\n<figure class=\"wp-block-image size-large\"><img loading=\"lazy\" decoding=\"async\" width=\"1024\" height=\"461\" src=\"http:\/\/fzb.mt-it-consulting.de\/wp-content\/uploads\/2022\/10\/Holz-Laderaumauskleidung-1024x461.jpg\" alt=\"\" class=\"wp-image-1002\" srcset=\"https:\/\/fzb.mt-it-consulting.de\/wp-content\/uploads\/2022\/10\/Holz-Laderaumauskleidung-1024x461.jpg?v=1664974492 1024w, https:\/\/fzb.mt-it-consulting.de\/wp-content\/uploads\/2022\/10\/Holz-Laderaumauskleidung-300x135.jpg?v=1664974492 300w, https:\/\/fzb.mt-it-consulting.de\/wp-content\/uploads\/2022\/10\/Holz-Laderaumauskleidung-768x346.jpg?v=1664974492 768w, https:\/\/fzb.mt-it-consulting.de\/wp-content\/uploads\/2022\/10\/Holz-Laderaumauskleidung-1536x691.jpg?v=1664974492 1536w, https:\/\/fzb.mt-it-consulting.de\/wp-content\/uploads\/2022\/10\/Holz-Laderaumauskleidung.jpg?v=1664974492 1707w\" sizes=\"auto, (max-width: 1024px) 100vw, 1024px\" \/><figcaption class=\"wp-element-caption\">Holz-Laderaumauskleidung<\/figcaption><\/figure>\n<\/div>\n\n\n\n<div class=\"wp-block-column is-layout-flow wp-block-column-is-layout-flow\"><\/div>\n<\/div>\n\n\n\n<div class=\"wp-block-columns is-layout-flex wp-container-core-columns-is-layout-9d6595d7 wp-block-columns-is-layout-flex\">\n<div class=\"wp-block-column is-layout-flow wp-block-column-is-layout-flow\">\n<figure class=\"wp-block-image size-full\"><img loading=\"lazy\" decoding=\"async\" width=\"1024\" height=\"768\" src=\"http:\/\/fzb.mt-it-consulting.de\/wp-content\/uploads\/2022\/10\/Sperrstangen-Ausbau.jpg\" alt=\"\" class=\"wp-image-1004\" srcset=\"https:\/\/fzb.mt-it-consulting.de\/wp-content\/uploads\/2022\/10\/Sperrstangen-Ausbau.jpg?v=1664974494 1024w, https:\/\/fzb.mt-it-consulting.de\/wp-content\/uploads\/2022\/10\/Sperrstangen-Ausbau-300x225.jpg?v=1664974494 300w, https:\/\/fzb.mt-it-consulting.de\/wp-content\/uploads\/2022\/10\/Sperrstangen-Ausbau-768x576.jpg?v=1664974494 768w\" sizes=\"auto, (max-width: 1024px) 100vw, 1024px\" \/><figcaption class=\"wp-element-caption\">Sperrstangen Ausbau<\/figcaption><\/figure>\n<\/div>\n\n\n\n<div class=\"wp-block-column is-layout-flow wp-block-column-is-layout-flow\">\n<figure class=\"wp-block-image size-large\"><img loading=\"lazy\" decoding=\"async\" width=\"1024\" height=\"768\" src=\"http:\/\/fzb.mt-it-consulting.de\/wp-content\/uploads\/2022\/10\/Auffahrrampe-1024x768.jpg\" alt=\"\" class=\"wp-image-1001\" srcset=\"https:\/\/fzb.mt-it-consulting.de\/wp-content\/uploads\/2022\/10\/Auffahrrampe-1024x768.jpg?v=1664974490 1024w, https:\/\/fzb.mt-it-consulting.de\/wp-content\/uploads\/2022\/10\/Auffahrrampe-300x225.jpg?v=1664974490 300w, https:\/\/fzb.mt-it-consulting.de\/wp-content\/uploads\/2022\/10\/Auffahrrampe-768x576.jpg?v=1664974490 768w, https:\/\/fzb.mt-it-consulting.de\/wp-content\/uploads\/2022\/10\/Auffahrrampe-1536x1152.jpg?v=1664974490 1536w, https:\/\/fzb.mt-it-consulting.de\/wp-content\/uploads\/2022\/10\/Auffahrrampe.jpg?v=1664974490 1600w\" sizes=\"auto, (max-width: 1024px) 100vw, 1024px\" \/><figcaption class=\"wp-element-caption\">Auffahrrampe<\/figcaption><\/figure>\n<\/div>\n<\/div>\n\n\n\n<div class=\"wp-block-columns is-layout-flex wp-container-core-columns-is-layout-9d6595d7 wp-block-columns-is-layout-flex\">\n<div class=\"wp-block-column is-layout-flow wp-block-column-is-layout-flow\">\n<figure class=\"wp-block-image size-full\" id=\"Personenbef\u00f6rderung\"><img loading=\"lazy\" decoding=\"async\" width=\"1024\" height=\"768\" src=\"http:\/\/fzb.mt-it-consulting.de\/wp-content\/uploads\/2022\/10\/Rollstuhlumbau-mit-Drehsitz-und-Laderampe-3.jpg\" alt=\"\" class=\"wp-image-1016\" srcset=\"https:\/\/fzb.mt-it-consulting.de\/wp-content\/uploads\/2022\/10\/Rollstuhlumbau-mit-Drehsitz-und-Laderampe-3.jpg?v=1664975107 1024w, https:\/\/fzb.mt-it-consulting.de\/wp-content\/uploads\/2022\/10\/Rollstuhlumbau-mit-Drehsitz-und-Laderampe-3-300x225.jpg?v=1664975107 300w, https:\/\/fzb.mt-it-consulting.de\/wp-content\/uploads\/2022\/10\/Rollstuhlumbau-mit-Drehsitz-und-Laderampe-3-768x576.jpg?v=1664975107 768w\" sizes=\"auto, (max-width: 1024px) 100vw, 1024px\" \/><figcaption class=\"wp-element-caption\">Rollstuhlumbau<\/figcaption><\/figure>\n<\/div>\n\n\n\n<div class=\"wp-block-column is-layout-flow wp-block-column-is-layout-flow\">\n<figure class=\"wp-block-image size-full\"><img loading=\"lazy\" decoding=\"async\" width=\"1024\" height=\"768\" src=\"http:\/\/fzb.mt-it-consulting.de\/wp-content\/uploads\/2022\/10\/Rollstuhlumbau-mit-Drehsitz-und-Laderampe-2.jpg\" alt=\"\" class=\"wp-image-1015\" srcset=\"https:\/\/fzb.mt-it-consulting.de\/wp-content\/uploads\/2022\/10\/Rollstuhlumbau-mit-Drehsitz-und-Laderampe-2.jpg?v=1664975106 1024w, https:\/\/fzb.mt-it-consulting.de\/wp-content\/uploads\/2022\/10\/Rollstuhlumbau-mit-Drehsitz-und-Laderampe-2-300x225.jpg?v=1664975106 300w, https:\/\/fzb.mt-it-consulting.de\/wp-content\/uploads\/2022\/10\/Rollstuhlumbau-mit-Drehsitz-und-Laderampe-2-768x576.jpg?v=1664975106 768w\" sizes=\"auto, (max-width: 1024px) 100vw, 1024px\" \/><figcaption class=\"wp-element-caption\">mit Drehsitz<\/figcaption><\/figure>\n<\/div>\n\n\n\n<div class=\"wp-block-column is-layout-flow wp-block-column-is-layout-flow\">\n<figure class=\"wp-block-image size-full\"><img loading=\"lazy\" decoding=\"async\" width=\"1024\" height=\"768\" src=\"http:\/\/fzb.mt-it-consulting.de\/wp-content\/uploads\/2022\/10\/Rollstuhlumbau-mit-Drehsitz-und-Laderampe-1.jpg\" alt=\"\" class=\"wp-image-1014\" srcset=\"https:\/\/fzb.mt-it-consulting.de\/wp-content\/uploads\/2022\/10\/Rollstuhlumbau-mit-Drehsitz-und-Laderampe-1.jpg?v=1664975105 1024w, https:\/\/fzb.mt-it-consulting.de\/wp-content\/uploads\/2022\/10\/Rollstuhlumbau-mit-Drehsitz-und-Laderampe-1-300x225.jpg?v=1664975105 300w, https:\/\/fzb.mt-it-consulting.de\/wp-content\/uploads\/2022\/10\/Rollstuhlumbau-mit-Drehsitz-und-Laderampe-1-768x576.jpg?v=1664975105 768w\" sizes=\"auto, (max-width: 1024px) 100vw, 1024px\" \/><figcaption class=\"wp-element-caption\">und Laderampe<\/figcaption><\/figure>\n<\/div>\n<\/div>\n\n\n\n<div class=\"wp-block-columns is-layout-flex wp-container-core-columns-is-layout-9d6595d7 wp-block-columns-is-layout-flex\">\n<div class=\"wp-block-column is-layout-flow wp-block-column-is-layout-flow\">\n<figure class=\"wp-block-image size-full\"><img loading=\"lazy\" decoding=\"async\" width=\"1024\" height=\"768\" src=\"http:\/\/fzb.mt-it-consulting.de\/wp-content\/uploads\/2022\/10\/Sitz-Liege-Kombi-1.jpg\" alt=\"\" class=\"wp-image-1017\" srcset=\"https:\/\/fzb.mt-it-consulting.de\/wp-content\/uploads\/2022\/10\/Sitz-Liege-Kombi-1.jpg?v=1664975108 1024w, https:\/\/fzb.mt-it-consulting.de\/wp-content\/uploads\/2022\/10\/Sitz-Liege-Kombi-1-300x225.jpg?v=1664975108 300w, https:\/\/fzb.mt-it-consulting.de\/wp-content\/uploads\/2022\/10\/Sitz-Liege-Kombi-1-768x576.jpg?v=1664975108 768w\" sizes=\"auto, (max-width: 1024px) 100vw, 1024px\" \/><figcaption class=\"wp-element-caption\">Sitz-Liegekombi<\/figcaption><\/figure>\n<\/div>\n\n\n\n<div class=\"wp-block-column is-layout-flow wp-block-column-is-layout-flow\">\n<figure class=\"wp-block-image size-full\"><img loading=\"lazy\" decoding=\"async\" width=\"1024\" height=\"768\" src=\"http:\/\/fzb.mt-it-consulting.de\/wp-content\/uploads\/2022\/10\/Sitz-Liege-Kombi-3.jpg\" alt=\"\" class=\"wp-image-1019\" srcset=\"https:\/\/fzb.mt-it-consulting.de\/wp-content\/uploads\/2022\/10\/Sitz-Liege-Kombi-3.jpg?v=1664975110 1024w, https:\/\/fzb.mt-it-consulting.de\/wp-content\/uploads\/2022\/10\/Sitz-Liege-Kombi-3-300x225.jpg?v=1664975110 300w, https:\/\/fzb.mt-it-consulting.de\/wp-content\/uploads\/2022\/10\/Sitz-Liege-Kombi-3-768x576.jpg?v=1664975110 768w\" sizes=\"auto, (max-width: 1024px) 100vw, 1024px\" \/><figcaption class=\"wp-element-caption\">Sitz-Liegekombi<\/figcaption><\/figure>\n<\/div>\n\n\n\n<div class=\"wp-block-column is-layout-flow wp-block-column-is-layout-flow\">\n<figure class=\"wp-block-image size-full\"><img loading=\"lazy\" decoding=\"async\" width=\"1024\" height=\"768\" src=\"http:\/\/fzb.mt-it-consulting.de\/wp-content\/uploads\/2022\/10\/Sitz-Liege-Kombi-4.jpg\" alt=\"\" class=\"wp-image-1020\" srcset=\"https:\/\/fzb.mt-it-consulting.de\/wp-content\/uploads\/2022\/10\/Sitz-Liege-Kombi-4.jpg?v=1664975111 1024w, https:\/\/fzb.mt-it-consulting.de\/wp-content\/uploads\/2022\/10\/Sitz-Liege-Kombi-4-300x225.jpg?v=1664975111 300w, https:\/\/fzb.mt-it-consulting.de\/wp-content\/uploads\/2022\/10\/Sitz-Liege-Kombi-4-768x576.jpg?v=1664975111 768w\" sizes=\"auto, (max-width: 1024px) 100vw, 1024px\" \/><figcaption class=\"wp-element-caption\">Sitz-Liegekombi<\/figcaption><\/figure>\n<\/div>\n<\/div>\n","protected":false},"excerpt":{"rendered":"<p>Ben\u00f6tigen Sie f\u00fcr Ihr Fahrzeug einen&nbsp;speziellen Innenausbau&nbsp;um:&#8211; Ihr Fahrzeug vor Transportsch\u00e4den zu sch\u00fctzen?&#8211; die Ladung ordnungsgem\u00e4\u00df zu sichern?&#8211; Personen zu bef\u00f6rdern?&#8211; den Komfort zu erh\u00f6hen?&#8211; Ihre t\u00e4gliche Arbeit zu erledigen? Wir bieten Ihnen eine&nbsp;fachgerechte L\u00f6sung.&#8211;&gt; Fahrzeugeinrichtungen&#8211;&gt; Ladungssicherung&#8211;&gt; Personenbef\u00f6rderung \/ Behindertenumbau&#8211;&gt; Branchenausbau&#8211;&gt; Zubeh\u00f6r \/ Nachr\u00fcstungen -&gt;&gt; Sprechen Sie uns an &lt;&lt;- Wir k\u00f6nnen Ihnen ein individuelles, &#8230; <a title=\"Innenausbau\" class=\"read-more\" href=\"https:\/\/fzb.mt-it-consulting.de\/index.php\/innenausbau\/\" aria-label=\"Mehr zu Innenausbau\">Read more<\/a><\/p>\n","protected":false},"author":1,"featured_media":0,"parent":0,"menu_order":0,"comment_status":"closed","ping_status":"closed","template":"","meta":{"generate_page_header":"","footnotes":""},"class_list":["post-181","page","type-page","status-publish"],"_links":{"self":[{"href":"https:\/\/fzb.mt-it-consulting.de\/index.php\/wp-json\/wp\/v2\/pages\/181","targetHints":{"allow":["GET"]}}],"collection":[{"href":"https:\/\/fzb.mt-it-consulting.de\/index.php\/wp-json\/wp\/v2\/pages"}],"about":[{"href":"https:\/\/fzb.mt-it-consulting.de\/index.php\/wp-json\/wp\/v2\/types\/page"}],"author":[{"embeddable":true,"href":"https:\/\/fzb.mt-it-consulting.de\/index.php\/wp-json\/wp\/v2\/users\/1"}],"replies":[{"embeddable":true,"href":"https:\/\/fzb.mt-it-consulting.de\/index.php\/wp-json\/wp\/v2\/comments?post=181"}],"version-history":[{"count":33,"href":"https:\/\/fzb.mt-it-consulting.de\/index.php\/wp-json\/wp\/v2\/pages\/181\/revisions"}],"predecessor-version":[{"id":1825,"href":"https:\/\/fzb.mt-it-consulting.de\/index.php\/wp-json\/wp\/v2\/pages\/181\/revisions\/1825"}],"wp:attachment":[{"href":"https:\/\/fzb.mt-it-consulting.de\/index.php\/wp-json\/wp\/v2\/media?parent=181"}],"curies":[{"name":"wp","href":"https:\/\/api.w.org\/{rel}","templated":true}]}}