{"id":134,"date":"2021-08-05T16:15:39","date_gmt":"2021-08-05T14:15:39","guid":{"rendered":"http:\/\/fzb.mt-it-consulting.de\/?page_id=134"},"modified":"2025-02-06T11:32:04","modified_gmt":"2025-02-06T10:32:04","slug":"nachruestungen","status":"publish","type":"page","link":"https:\/\/fzb.mt-it-consulting.de\/index.php\/nachruestungen\/","title":{"rendered":"Nachr\u00fcstungen"},"content":{"rendered":"\n<p class=\"has-white-color has-text-color has-background\" style=\"background-color:#003876\">Wir sind eine freie Kfz-Werkstatt, die der Kfz-Innung f\u00fcr Unterfranken angeh\u00f6rt und reparieren&nbsp;<strong>alle Fahrzeugmarken<\/strong>&nbsp;(d. h. wir sind nicht markengebunden). <br><br>Hierf\u00fcr verwenden wir ausschlie\u00dflich&nbsp;<strong>Qualit\u00e4ts-Ersatzteile aller namhafter Hersteller<\/strong>.<br><br>Sie erhalten bei uns:<br>Standheizungen<br>R\u00fcckfahrkamerasysteme<br>Anh\u00e4ngerkupplungen<br>Luftfedersysteme<br>Beleuchtungs-Nachr\u00fcstungen<br><br>Haben Sie individuelle W\u00fcnsche, sprechen Sie uns an, wir beraten Sie gerne!  <a href=\"http:\/\/fzb.mt-it-consulting.de\/index.php\/kontakt\/\"><mark style=\"background-color:#00387b\" class=\"has-inline-color has-white-color\">-&gt; Kontakt<\/mark><\/a><\/p>\n\n\n\n<div class=\"wp-block-columns is-layout-flex wp-container-core-columns-is-layout-9d6595d7 wp-block-columns-is-layout-flex\">\n<div class=\"wp-block-column is-layout-flow wp-block-column-is-layout-flow\">\n<figure class=\"wp-block-image size-large\"><img loading=\"lazy\" decoding=\"async\" width=\"1024\" height=\"768\" src=\"http:\/\/fzb.mt-it-consulting.de\/wp-content\/uploads\/2022\/09\/Nachruestung-Rundumkennleuchten-1024x768.jpg\" alt=\"\" class=\"wp-image-616\" srcset=\"https:\/\/fzb.mt-it-consulting.de\/wp-content\/uploads\/2022\/09\/Nachruestung-Rundumkennleuchten-1024x768.jpg?v=1664369932 1024w, https:\/\/fzb.mt-it-consulting.de\/wp-content\/uploads\/2022\/09\/Nachruestung-Rundumkennleuchten-300x225.jpg?v=1664369932 300w, https:\/\/fzb.mt-it-consulting.de\/wp-content\/uploads\/2022\/09\/Nachruestung-Rundumkennleuchten-768x576.jpg?v=1664369932 768w, https:\/\/fzb.mt-it-consulting.de\/wp-content\/uploads\/2022\/09\/Nachruestung-Rundumkennleuchten.jpg?v=1664369932 1080w\" sizes=\"auto, (max-width: 1024px) 100vw, 1024px\" \/><figcaption class=\"wp-element-caption\">Rundumkennleuchten<\/figcaption><\/figure>\n<\/div>\n\n\n\n<div class=\"wp-block-column is-layout-flow wp-block-column-is-layout-flow\">\n<figure class=\"wp-block-image size-large\"><img loading=\"lazy\" decoding=\"async\" width=\"1024\" height=\"768\" src=\"http:\/\/fzb.mt-it-consulting.de\/wp-content\/uploads\/2022\/09\/Nachruestung_Dachzelt-1024x768.jpg\" alt=\"\" class=\"wp-image-615\" srcset=\"https:\/\/fzb.mt-it-consulting.de\/wp-content\/uploads\/2022\/09\/Nachruestung_Dachzelt-1024x768.jpg?v=1664369931 1024w, https:\/\/fzb.mt-it-consulting.de\/wp-content\/uploads\/2022\/09\/Nachruestung_Dachzelt-300x225.jpg?v=1664369931 300w, https:\/\/fzb.mt-it-consulting.de\/wp-content\/uploads\/2022\/09\/Nachruestung_Dachzelt-768x576.jpg?v=1664369931 768w, https:\/\/fzb.mt-it-consulting.de\/wp-content\/uploads\/2022\/09\/Nachruestung_Dachzelt.jpg?v=1664369931 1080w\" sizes=\"auto, (max-width: 1024px) 100vw, 1024px\" \/><figcaption class=\"wp-element-caption\">Dachzeltaufbau<\/figcaption><\/figure>\n<\/div>\n\n\n\n<div class=\"wp-block-column is-layout-flow wp-block-column-is-layout-flow\">\n<figure class=\"wp-block-image size-large\"><img loading=\"lazy\" decoding=\"async\" width=\"1024\" height=\"768\" src=\"http:\/\/fzb.mt-it-consulting.de\/wp-content\/uploads\/2022\/09\/Nachruestung-Trittstufe2-1024x768.jpg\" alt=\"\" class=\"wp-image-617\" srcset=\"https:\/\/fzb.mt-it-consulting.de\/wp-content\/uploads\/2022\/09\/Nachruestung-Trittstufe2-1024x768.jpg?v=1664369932 1024w, https:\/\/fzb.mt-it-consulting.de\/wp-content\/uploads\/2022\/09\/Nachruestung-Trittstufe2-300x225.jpg?v=1664369932 300w, https:\/\/fzb.mt-it-consulting.de\/wp-content\/uploads\/2022\/09\/Nachruestung-Trittstufe2-768x576.jpg?v=1664369932 768w, https:\/\/fzb.mt-it-consulting.de\/wp-content\/uploads\/2022\/09\/Nachruestung-Trittstufe2.jpg?v=1664369932 1080w\" sizes=\"auto, (max-width: 1024px) 100vw, 1024px\" \/><figcaption class=\"wp-element-caption\">automatische Trittstufe<\/figcaption><\/figure>\n<\/div>\n<\/div>\n\n\n\n<div class=\"wp-block-columns is-layout-flex wp-container-core-columns-is-layout-9d6595d7 wp-block-columns-is-layout-flex\">\n<div class=\"wp-block-column is-layout-flow wp-block-column-is-layout-flow\">\n<figure class=\"wp-block-image size-large\"><img loading=\"lazy\" decoding=\"async\" width=\"1024\" height=\"768\" src=\"http:\/\/fzb.mt-it-consulting.de\/wp-content\/uploads\/2022\/09\/Nachruestungen_Trittstufe-1024x768.jpg\" alt=\"\" class=\"wp-image-610\" srcset=\"https:\/\/fzb.mt-it-consulting.de\/wp-content\/uploads\/2022\/09\/Nachruestungen_Trittstufe-1024x768.jpg?v=1664369925 1024w, https:\/\/fzb.mt-it-consulting.de\/wp-content\/uploads\/2022\/09\/Nachruestungen_Trittstufe-300x225.jpg?v=1664369925 300w, https:\/\/fzb.mt-it-consulting.de\/wp-content\/uploads\/2022\/09\/Nachruestungen_Trittstufe-768x576.jpg?v=1664369925 768w, https:\/\/fzb.mt-it-consulting.de\/wp-content\/uploads\/2022\/09\/Nachruestungen_Trittstufe.jpg?v=1664369925 1080w\" sizes=\"auto, (max-width: 1024px) 100vw, 1024px\" \/><figcaption class=\"wp-element-caption\">LED Warnleuchte<\/figcaption><\/figure>\n<\/div>\n\n\n\n<div class=\"wp-block-column is-layout-flow wp-block-column-is-layout-flow\">\n<figure class=\"wp-block-image size-large\"><img loading=\"lazy\" decoding=\"async\" width=\"1024\" height=\"768\" src=\"http:\/\/fzb.mt-it-consulting.de\/wp-content\/uploads\/2022\/09\/Nachruestungen-Lampenbuegel-Scania-1024x768.jpg\" alt=\"\" class=\"wp-image-613\" srcset=\"https:\/\/fzb.mt-it-consulting.de\/wp-content\/uploads\/2022\/09\/Nachruestungen-Lampenbuegel-Scania-1024x768.jpg?v=1664369928 1024w, https:\/\/fzb.mt-it-consulting.de\/wp-content\/uploads\/2022\/09\/Nachruestungen-Lampenbuegel-Scania-300x225.jpg?v=1664369928 300w, https:\/\/fzb.mt-it-consulting.de\/wp-content\/uploads\/2022\/09\/Nachruestungen-Lampenbuegel-Scania-768x576.jpg?v=1664369928 768w, https:\/\/fzb.mt-it-consulting.de\/wp-content\/uploads\/2022\/09\/Nachruestungen-Lampenbuegel-Scania.jpg?v=1664369928 1080w\" sizes=\"auto, (max-width: 1024px) 100vw, 1024px\" \/><figcaption class=\"wp-element-caption\">Lampenb\u00fcgel<\/figcaption><\/figure>\n<\/div>\n\n\n\n<div class=\"wp-block-column is-layout-flow wp-block-column-is-layout-flow\">\n<figure class=\"wp-block-image size-large\"><img loading=\"lazy\" decoding=\"async\" width=\"1024\" height=\"768\" src=\"http:\/\/fzb.mt-it-consulting.de\/wp-content\/uploads\/2022\/09\/Nachruesstungen_Kugelkopfkupplungsanbau-1024x768.jpg\" alt=\"\" class=\"wp-image-612\" srcset=\"https:\/\/fzb.mt-it-consulting.de\/wp-content\/uploads\/2022\/09\/Nachruesstungen_Kugelkopfkupplungsanbau-1024x768.jpg?v=1664369927 1024w, https:\/\/fzb.mt-it-consulting.de\/wp-content\/uploads\/2022\/09\/Nachruesstungen_Kugelkopfkupplungsanbau-300x225.jpg?v=1664369927 300w, https:\/\/fzb.mt-it-consulting.de\/wp-content\/uploads\/2022\/09\/Nachruesstungen_Kugelkopfkupplungsanbau-768x576.jpg?v=1664369927 768w, https:\/\/fzb.mt-it-consulting.de\/wp-content\/uploads\/2022\/09\/Nachruesstungen_Kugelkopfkupplungsanbau.jpg?v=1664369927 1080w\" sizes=\"auto, (max-width: 1024px) 100vw, 1024px\" \/><figcaption class=\"wp-element-caption\">Kugelkopfkupplungsanbau<\/figcaption><\/figure>\n<\/div>\n<\/div>\n\n\n\n<div class=\"wp-block-columns is-layout-flex wp-container-core-columns-is-layout-9d6595d7 wp-block-columns-is-layout-flex\">\n<div class=\"wp-block-column is-layout-flow wp-block-column-is-layout-flow\"><\/div>\n\n\n\n<div class=\"wp-block-column is-layout-flow wp-block-column-is-layout-flow\">\n<figure class=\"wp-block-image size-full\"><img loading=\"lazy\" decoding=\"async\" width=\"1024\" height=\"768\" src=\"http:\/\/fzb.mt-it-consulting.de\/wp-content\/uploads\/2025\/02\/Tank-Nachruestunng-1.jpg\" alt=\"\" class=\"wp-image-1926\" srcset=\"https:\/\/fzb.mt-it-consulting.de\/wp-content\/uploads\/2025\/02\/Tank-Nachruestunng-1.jpg?v=1738836855 1024w, https:\/\/fzb.mt-it-consulting.de\/wp-content\/uploads\/2025\/02\/Tank-Nachruestunng-1-300x225.jpg?v=1738836855 300w, https:\/\/fzb.mt-it-consulting.de\/wp-content\/uploads\/2025\/02\/Tank-Nachruestunng-1-768x576.jpg?v=1738836855 768w\" sizes=\"auto, (max-width: 1024px) 100vw, 1024px\" \/><figcaption class=\"wp-element-caption\">Tank Nachr\u00fcstung<\/figcaption><\/figure>\n<\/div>\n\n\n\n<div class=\"wp-block-column is-layout-flow wp-block-column-is-layout-flow\"><\/div>\n<\/div>\n\n\n\n<p class=\"has-white-color has-text-color has-background\" style=\"background-color:#003876\">Kompetenz, Zuverl\u00e4ssigkeit und Qualit\u00e4tsarbeit sind f\u00fcr uns genauso selbstverst\u00e4ndlich wie pers\u00f6nliche Beratung und individuelle L\u00f6sungen.<\/p>\n","protected":false},"excerpt":{"rendered":"<p>Wir sind eine freie Kfz-Werkstatt, die der Kfz-Innung f\u00fcr Unterfranken angeh\u00f6rt und reparieren&nbsp;alle Fahrzeugmarken&nbsp;(d. h. wir sind nicht markengebunden). Hierf\u00fcr verwenden wir ausschlie\u00dflich&nbsp;Qualit\u00e4ts-Ersatzteile aller namhafter Hersteller. Sie erhalten bei uns:StandheizungenR\u00fcckfahrkamerasystemeAnh\u00e4ngerkupplungenLuftfedersystemeBeleuchtungs-Nachr\u00fcstungen Haben Sie individuelle W\u00fcnsche, sprechen Sie uns an, wir beraten Sie gerne! -&gt; Kontakt Kompetenz, Zuverl\u00e4ssigkeit und Qualit\u00e4tsarbeit sind f\u00fcr uns genauso selbstverst\u00e4ndlich wie pers\u00f6nliche &#8230; <a title=\"Nachr\u00fcstungen\" class=\"read-more\" href=\"https:\/\/fzb.mt-it-consulting.de\/index.php\/nachruestungen\/\" aria-label=\"Mehr zu Nachr\u00fcstungen\">Read more<\/a><\/p>\n","protected":false},"author":1,"featured_media":0,"parent":0,"menu_order":0,"comment_status":"closed","ping_status":"closed","template":"","meta":{"generate_page_header":"","footnotes":""},"class_list":["post-134","page","type-page","status-publish"],"_links":{"self":[{"href":"https:\/\/fzb.mt-it-consulting.de\/index.php\/wp-json\/wp\/v2\/pages\/134","targetHints":{"allow":["GET"]}}],"collection":[{"href":"https:\/\/fzb.mt-it-consulting.de\/index.php\/wp-json\/wp\/v2\/pages"}],"about":[{"href":"https:\/\/fzb.mt-it-consulting.de\/index.php\/wp-json\/wp\/v2\/types\/page"}],"author":[{"embeddable":true,"href":"https:\/\/fzb.mt-it-consulting.de\/index.php\/wp-json\/wp\/v2\/users\/1"}],"replies":[{"embeddable":true,"href":"https:\/\/fzb.mt-it-consulting.de\/index.php\/wp-json\/wp\/v2\/comments?post=134"}],"version-history":[{"count":16,"href":"https:\/\/fzb.mt-it-consulting.de\/index.php\/wp-json\/wp\/v2\/pages\/134\/revisions"}],"predecessor-version":[{"id":1928,"href":"https:\/\/fzb.mt-it-consulting.de\/index.php\/wp-json\/wp\/v2\/pages\/134\/revisions\/1928"}],"wp:attachment":[{"href":"https:\/\/fzb.mt-it-consulting.de\/index.php\/wp-json\/wp\/v2\/media?parent=134"}],"curies":[{"name":"wp","href":"https:\/\/api.w.org\/{rel}","templated":true}]}}